Suppose 5*w + 15 = -4*a, -5*a + 9*a - 15 = 5*w. What is m(w)?
-11
Let n(j) = -j - 7. Let r(l) = -l**2 + 5*l + 2. Let v(k) = 3*k**2 - 10*k - 5. Let h = 11 + -9. Let a(x) = h*v(x) + 5*r(x). Let f be a(-3). Determine n(f).
-1
Let j(b) be the first derivative of -b**3/6 - 15*b**2/2 - 40*b + 5. Let s(w) be the first derivative of j(w). Give s(-14).
-1
Let b = 9 - -3. Suppose -b = 2*s + 2*s. Let t(a) be the third derivative of a**4/12 - a**3/3 - 10*a**2. What is t(s)?
-8
Let s(o) be the second derivative of -o**4/12 + 2*o**3 - 14*o**2 - 295*o. What is s(8)?
4
Let m(n) = 3 + 0 + 3*n + 0*n + 0*n. Give m(-3).
-6
Let v = 63 + -53. Let n be 10/25*v/(-4). Let f(j) = -4*j - 1. Calculate f(n).
3
Let f(d) = -5 + 5*d + 111*d**2 - 39*d**2 - 40*d**2 - 33*d**2 - 8*d. Give f(-4).
-9
Let s(t) = 116 - t - 117 + 0*t. Give s(5).
-6
Let x = 324 + -337. Let m(n) = -n**3 - 12*n**2 + 16*n + 38. Determine m(x).
-1
Let p(s) = -5*s - 41. Suppose 0 = -4*i + 2*d - 28, -3*i + 5*d + 166 - 187 = 0. Determine p(i).
-6
Let x(k) be the second derivative of k**3/6 - 2*k**2 + k. Let n be x(7). Let s(f) = -7*f**3 + 6*f**3 + 1 - 2 - 13*f**n + f. Give s(1).
-14
Let h(b) be the third derivative of -23*b**6/120 + b**5/60 - b**4/24 + b**3/6 - 207*b**2. Calculate h(1).
-22
Suppose 4*o - o = 12. Let z = 23 - 28. Let r = o + z. Let d(m) = 4*m**3 - 1. Calculate d(r).
-5
Let a(t) = -4*t - 5. Let l(w) = 3*w + 6. Let p(b) = 4*a(b) + 5*l(b). What is p(0)?
10
Let p(v) = -18 - 167*v + 12 + 169*v. What is p(7)?
8
Let x(w) = 13*w**2 - 2*w - 9 + 9*w**3 + 3*w**3 - 11*w**3 + w. What is x(-13)?
4
Let s be (1 - -8) + (0 - 1). Let o(b) = -124 - 2*b + 250 + 3*b - 127. Give o(s).
7
Let o(g) = -351 - g**2 + 183 + 13*g + 173. Give o(14).
-9
Let x(y) = 20*y - 1 + 5*y**2 - 8*y**2 - 22*y. Calculate x(-1).
-2
Suppose -47 = -i + 5*f - 41, -3*i - 4*f = -18. Let k(c) = 2*c + 15. Calculate k(i).
27
Let d(m) = -2*m**3 + 21*m**2 + 67*m - 23. Let z be d(13). Let j(r) = -3*r**2 + 5*r - 1. Let v(l) = l**2 - l + 1. Let h(x) = -j(x) - 2*v(x). What is h(z)?
-1
Let f(c) = c**2 + 10*c + 9. Let q be f(-9). Suppose 4*s - 2*w + 4*w + 6 = q, -9 = 4*s + w. Let y(x) = -1 + 6 + 3*x - 1. Calculate y(s).
-5
Suppose 5*y + 35 = 2*g, -g + y = 2*y. Let p(j) = g - 5*j + 0*j + 4*j. Give p(5).
0
Suppose 0 = -4*v + 5 + 11. Let d(h) be the third derivative of -h**8/20160 + h**7/1260 - h**5/60 + h**2. Let f(q) be the third derivative of d(q). What is f(v)?
0
Let b(k) = 2*k + 9. Let h = -12 - -14. Suppose -l - h*a - 4 = 6, -l - 4*a = 18. Let u(t) = -10*t - 45. Let n(y) = l*u(y) - 11*b(y). Determine n(-6).
3
Let r(j) be the third derivative of -j**4/12 + 11*j**3/6 - 142*j**2. What is r(0)?
11
Let w(y) = y - 3*y + y + 2*y. Let j be w(-3). Let r(t) = 4*t - 1. Determine r(j).
-13
Let i(l) = l + 5. Let p(d) = -9*d + 57. Let g be 0 - 0 - (7 - 14). Let v be p(g). Give i(v).
-1
Suppose 5*k = -2*o + 25 + 10, -4*k + 5 = -3*o. Let g(p) = -p + 2. Give g(o).
-3
Suppose 0*p - l - 15 = -4*p, -4*p + 4*l = 0. Let g(h) = -h**2 + h - 5. Let s(a) = a**2 - a. Let c(w) = g(w) + 2*s(w). Determine c(p).
15
Let h = 3026 + -3030. Let u(o) be the third derivative of o**4/12 + 5*o**3/6 + 2*o**2. What is u(h)?
-3
Let h(c) = -c**3 + 13*c**2 - 30*c + 6. Let o be h(10). Let t(r) = r**2 - 4*r - 2. Give t(o).
10
Let l(t) = -t + 4. Let v(h) = h - 1. Let g(o) = -l(o) - 2*v(o). Suppose 0 = -4*u - 3*x + 5 + 17, -5*x = -3*u + 2. Let y be -6*((-6)/8)/(6/u). Give g(y).
-5
Let d(q) = -q**3 + q**2 + q + 7. Let t be d(0). Let j(i) be the first derivative of i**3/3 - 7*i**2/2 + 6*i + 49. Calculate j(t).
6
Let x(u) = 5 + u - 14 - 2 + 12. Determine x(-7).
-6
Let r(p) = p - 4. Let i = 21 - 19. Suppose i*c - 46 = -4*z, 0*z - 2*c + 19 = z. Give r(z).
5
Let n(a) = -a + 2. Suppose j + 4 = 2*j, 0 = -4*u + 3*j. Let l(w) = 2*w - 3. Let g(h) = u*n(h) + 2*l(h). Let q = -1355 - -1360. What is g(q)?
5
Let n(x) = -5*x**2 + 19*x + 41. Let f(u) = 2*u**2 - 6*u - 14. Let i(r) = 8*f(r) + 3*n(r). Calculate i(-8).
3
Suppose -23 = 3*a + 2*h - 3, -3*a - 8 = -h. Let n(f) = -f**2 - f + 5. What is n(a)?
-7
Let j(r) = -r + 10. Let b(u) = u - 3. Let k(i) = 4*b(i) + 3*j(i). Determine k(-5).
13
Let f(u) be the third derivative of u**6/120 + u**5/10 - u**4/12 + 3*u**3/2 - 15*u**2 - u. Calculate f(-7).
-26
Let n(m) be the third derivative of -13*m**5/60 - m**4/24 - m**2. Let s be n(3). Let i be 4/(-6) + s/(-45). Let u(d) = -2*d + 1. Determine u(i).
-3
Let h(s) = 11*s**3 - 4*s**2 + 3*s + 4. Let o(x) = -13*x**3 + 6*x**2 - 4*x - 4. Let q(v) = -6*h(v) - 5*o(v). What is q(-7)?
31
Let y(r) = 7*r + 1. Let q(u) be the first derivative of -15*u**2/2 - 3*u - 10. Let n(o) = 6*q(o) + 13*y(o). Calculate n(5).
0
Let i be 42/(-21) - (1 - 5). Let y(k) = k**2 + 2*k - 3. Determine y(i).
5
Let l(j) = -j**3 - 3*j**2 - j - 3. Let i be l(-3). Suppose 3*b - 3*w + i = 15, -w - 7 = -2*b. Let x(p) = 0 + 3 - p - 2*p - 3*p + p**b. What is x(6)?
3
Let a(p) = p**2 - 11*p + 20. Let q be a(9). Let k(j) = -3*j. Calculate k(q).
-6
Let g(n) = -3*n + 4*n - 5 + n**2 + 4*n. Calculate g(-5).
-5
Let j(p) be the third derivative of p**4/8 + 2*p**3/3 - 3*p**2. Let o be (2 - 6) + 1 + 3. Suppose o = -6*i + 2*i - 20. Determine j(i).
-11
Let j(c) = c**3 + 9*c**2 + 9*c + 9. Suppose 2*y + 3 - 15 = 0. Let r = -2 - y. Let o be j(r). Let f(z) = -7*z**2 - 1. Calculate f(o).
-8
Let n(q) = -2*q - 3. Let l(c) be the second derivative of -c**5/20 - c**4/4 - 7*c**3/6 - 8*c. Let b be l(-5). Let h be b/25 + (-6)/15. Determine n(h).
-9
Let l(t) be the third derivative of -t**6/120 + 7*t**5/60 - t**4/4 - t**3/2 - t**2 + 19*t. Calculate l(6).
-3
Let x(s) be the first derivative of -s**2/2 + s - 1272. Let m = 1 - -1. Calculate x(m).
-1
Suppose -6*q = -4*q - 6. Let d(s) = 4*s - 27. Let i be d(8). Let a(m) = -i*m + m - 9*m + q*m. Give a(-1).
10
Let s(f) = -f**3 - 5*f**2 - 4*f + 1. Let o(k) = -k**3 - 5*k**2 + 3*k + 9. Let n be o(-5). Let t be (-4 - 1 - n)/((-2)/8). Calculate s(t).
1
Let g be -4 + 8 - (2 - (2 - 1)). Let b be g*-1*(-2 - -3). Let m(w) = -w**3 - w**2 + 3*w - 3. Determine m(b).
6
Let w(m) be the second derivative of m**4/12 + 13*m**3/6 + 10*m**2 - 57*m - 5. What is w(-11)?
-2
Let w(p) = p**3 + 5. Suppose 0 = 12*g - 29*g. Calculate w(g).
5
Let c(l) be the first derivative of -7/3*l**3 - l - 2 + 0*l**2. Let i be (1 + -5 + 6 - 1)*-1. Determine c(i).
-8
Let a(z) be the first derivative of -21 + 7/2*z**2 - 1/4*z**4 - 8*z + 5/3*z**3. Give a(6).
-2
Suppose m - 8 = 40. Let n be ((-3)/(-6))/(3/m). Suppose 4*x + j = 3 - 15, j = -2*x - n. Let u(p) = -p**2. Determine u(x).
-4
Let s(k) = 7*k**2 + 5*k - 6. Let n(m) = 8*m**2 + 5*m - 5. Let p(t) = 6*n(t) - 7*s(t). Determine p(3).
-12
Let r(l) = 37*l**2 + 26*l + 162. Let d(a) = 13*a**2 + 8*a + 54. Let m(z) = -17*d(z) + 6*r(z). Calculate m(-16).
-10
Let c(v) be the second derivative of -v**5/20 + v**4/6 + v**3/2 - 7*v**2/2 + 54*v. Let h(k) = k**2 + k - 1. Let a(o) = -c(o) + 3*h(o). Give a(0).
4
Let o be 4 + (-3)/1 - 8. Let y(b) = 0*b**2 - 148*b + 154*b - 9 + b**2. Calculate y(o).
-2
Let w(y) = y**3 - y**2. Let q be w(2). Suppose 8*c = q*c + 4. Let l(f) = -3 - 3*f - 17*f**2 + 2*f + 1 + 3. What is l(c)?
-17
Let q(w) = w**3 - 4*w**2 - 7*w + 9. Suppose -15 = 24*l - 111. What is q(l)?
-19
Let r(c) = -c + 3. Let b be 6*(-3)/30*-10. Let p be r(b). Let f(y) = -3*y + 53 - 4*y**2 + 30 - 82 - y**3. Determine f(p).
1
Let j be (4/(3 - 1))/(26/(-39)). Let c(a) = 3 + 0 + 2*a + a. Determine c(j).
-6
Suppose 11*w = 13*w - 156. Suppose -z - w = 3*p + p, 0 = -2*p + 4*z - 30. Let v = 23 + p. Let k(o) = 2*o - 6. Determine k(v).
2
Let w(c) = -c + 1. Suppose -96 = 12*g - 132. Give w(g).
-2
Let t(q) = q + 2. Suppose -4*l = 3*l. Suppose 3*c = -2*r - l*r + 23, -3*c + 27 = 3*r. Suppose 0 = 3*o + c*m - m - 11, -3*o = 5*m - 10. Give t(o).
7
Let h(b) be the second derivative of -b**5/24 - b**4/12 - b**3/3 - 6*b. Let f(m) be the second derivative of h(m). Suppose 3*q + 4 = -2. Calculate f(q).
8
Let v = 318 + -322. Let z(c) = c**3 + 5*c**2 + 6*c + 1. Give z(v).
-7
Let g(r) be the second derivative of r**5/20 + 5*r**4/12 + r**3/3 - 9*r**2/2 + 23*r. What is g(-4)?
-1
Let n(s) = 30*s**3 + 33*s**3 - 7*s**2 - 164 + 175 - 62*s**3. Determine n(6).
-25
Let s(j) = j**3 - j**2 + 4. Let q = 155 - 152. Give s(q).
22
Let x(i) = 6*i - 2*i**2 + 2*i**2 + i**2. Suppose -2*c = o - 59, -2*c